{"id":158,"date":"2025-10-12T18:16:49","date_gmt":"2025-10-12T16:16:49","guid":{"rendered":"https:\/\/skylineforma.fr\/?page_id=158"},"modified":"2025-10-19T12:42:25","modified_gmt":"2025-10-19T10:42:25","slug":"1-agent-de-piste-bagagiste","status":"publish","type":"page","link":"https:\/\/skylineforma.fr\/?page_id=158","title":{"rendered":"1. AGENT DE PISTE BAGAGISTE"},"content":{"rendered":"\t\t<div data-elementor-type=\"wp-page\" data-elementor-id=\"158\" class=\"elementor elementor-158\">\n\t\t\t\t<div class=\"elementor-element elementor-element-4f4a2e8f e-flex e-con-boxed e-con e-parent\" data-id=\"4f4a2e8f\" data-element_type=\"container\">\n\t\t\t\t\t<div class=\"e-con-inner\">\n\t\t\t\t<div class=\"elementor-element elementor-element-575a30a8 elementor-widget elementor-widget-text-editor\" data-id=\"575a30a8\" data-element_type=\"widget\" data-widget_type=\"text-editor.default\">\n\t\t\t\t\t\t\t\t\t\n<p><strong>Agent de piste \/ bagagiste<\/strong><\/p>\n\n\n\n<p>Apprenez toutes les comp\u00e9tences indispensables pour travailler sur le tarmac et en zone bagages : manutention des bagages, chargement et d\u00e9chargement des avions, s\u00e9curit\u00e9 et protocoles a\u00e9roportuaires. Une formation pratique et compl\u00e8te pour devenir un professionnel op\u00e9rationnel d\u00e8s la sortie.<\/p>\n\n\n\n<figure class=\"wp-block-image size-full is-resized\"><img fetchpriority=\"high\" decoding=\"async\" width=\"1000\" height=\"667\" src=\"http:\/\/skylineforma.fr\/wp-content\/uploads\/2025\/10\/agent-de-piste.jpg\" alt=\"\" class=\"wp-image-159\" style=\"width:483px;height:auto\" srcset=\"https:\/\/skylineforma.fr\/wp-content\/uploads\/2025\/10\/agent-de-piste.jpg 1000w, https:\/\/skylineforma.fr\/wp-content\/uploads\/2025\/10\/agent-de-piste-300x200.jpg 300w, https:\/\/skylineforma.fr\/wp-content\/uploads\/2025\/10\/agent-de-piste-768x512.jpg 768w\" sizes=\"(max-width: 1000px) 100vw, 1000px\" \/><\/figure>\n\n\n\n<p>Objectifs et missions<\/p>\n\n\n\n<ul class=\"wp-block-list\">\n<li>\u00a0 Mise en place et s\u00e9curisation de la zone avion<\/li>\n\n\n\n<li>\u00a0 Guidage des a\u00e9ronefs \u00e0 l&#8217;approche et au d\u00e9part<\/li>\n\n\n\n<li>\u00a0 Chargement et d\u00e9chargement des bagages et marchandises<\/li>\n\n\n\n<li>\u00a0 Manipulation du mat\u00e9riel a\u00e9roportuaire (GSE)<\/li>\n\n\n\n<li>\u00a0 Application rigoureuse des consignes de s\u00e9curit\u00e9<\/li>\n<\/ul>\n\t\t\t\t\t\t\t\t<\/div>\n\t\t\t\t\t<\/div>\n\t\t\t\t<\/div>\n\t\t<div class=\"elementor-element elementor-element-aaffee4 e-flex e-con-boxed e-con e-parent\" data-id=\"aaffee4\" data-element_type=\"container\">\n\t\t\t\t\t<div class=\"e-con-inner\">\n\t\t\t\t<div class=\"elementor-element elementor-element-0158339 elementor-widget elementor-widget-html\" data-id=\"0158339\" data-element_type=\"widget\" data-widget_type=\"html.default\">\n\t\t\t\t\t<iframe width=\"540\" height=\"305\" src=\"https:\/\/84f24c68.sibforms.com\/serve\/MUIFAPYRR4nCkhgDdDXI4pl0mTvrUYFumGFKOY_d1ORzXmP0AVXVWVTKZrTLiWKzwYFYNAnpao1cbwVmGcWjXupv-2xNGkC18dOL6NXLg7MweB46KyvIVAkGHKEgSJPK_JN7DB-t09eQkJLME3rddCnhU3fXIDJYtW2hlZc_UwQAvQxTQHvO295lhI6NAwic8h2v_16k-G7QB2oeig==\" frameborder=\"0\" scrolling=\"auto\" allowfullscreen style=\"display: block;margin-left: auto;margin-right: auto;max-width: 100%;\"><\/iframe>\t\t\t\t<\/div>\n\t\t\t\t\t<\/div>\n\t\t\t\t<\/div>\n\t\t\t\t<\/div>\n\t\t","protected":false},"excerpt":{"rendered":"<p>Agent de piste \/ bagagiste Apprenez toutes les comp\u00e9tences indispensables pour travailler sur le tarmac et en zone bagages : manutention des bagages, chargement et d\u00e9chargement des avions, s\u00e9curit\u00e9 et protocoles a\u00e9roportuaires. Une formation pratique et compl\u00e8te pour devenir un professionnel op\u00e9rationnel d\u00e8s la sortie. Objectifs et missions<\/p>\n","protected":false},"author":1,"featured_media":0,"parent":0,"menu_order":0,"comment_status":"closed","ping_status":"closed","template":"","meta":{"saved_in_kubio":false,"_mo_disable_npp":"","footnotes":""},"class_list":["post-158","page","type-page","status-publish","hentry"],"kubio_ai_page_context":{"short_desc":"","purpose":"general"},"yoast_head":"<!-- This site is optimized with the Yoast SEO plugin v26.1.1 - https:\/\/yoast.com\/wordpress\/plugins\/seo\/ -->\n<title>1. AGENT DE PISTE BAGAGISTE - SKYLINEFORMA<\/title>\n<meta name=\"robots\" content=\"index, follow, max-snippet:-1, max-image-preview:large, max-video-preview:-1\" \/>\n<link rel=\"canonical\" href=\"https:\/\/skylineforma.fr\/?page_id=158\" \/>\n<meta property=\"og:locale\" content=\"en_US\" \/>\n<meta property=\"og:type\" content=\"article\" \/>\n<meta property=\"og:title\" content=\"1. AGENT DE PISTE BAGAGISTE - SKYLINEFORMA\" \/>\n<meta property=\"og:description\" content=\"Agent de piste \/ bagagiste Apprenez toutes les comp\u00e9tences indispensables pour travailler sur le tarmac et en zone bagages : manutention des bagages, chargement et d\u00e9chargement des avions, s\u00e9curit\u00e9 et protocoles a\u00e9roportuaires. Une formation pratique et compl\u00e8te pour devenir un professionnel op\u00e9rationnel d\u00e8s la sortie. Objectifs et missions\" \/>\n<meta property=\"og:url\" content=\"https:\/\/skylineforma.fr\/?page_id=158\" \/>\n<meta property=\"og:site_name\" content=\"SKYLINEFORMA\" \/>\n<meta property=\"article:modified_time\" content=\"2025-10-19T10:42:25+00:00\" \/>\n<meta property=\"og:image\" content=\"https:\/\/skylineforma.fr\/wp-content\/uploads\/2025\/10\/agent-de-piste.jpg\" \/>\n\t<meta property=\"og:image:width\" content=\"1000\" \/>\n\t<meta property=\"og:image:height\" content=\"667\" \/>\n\t<meta property=\"og:image:type\" content=\"image\/jpeg\" \/>\n<meta name=\"twitter:card\" content=\"summary_large_image\" \/>\n<meta name=\"twitter:label1\" content=\"Est. reading time\" \/>\n\t<meta name=\"twitter:data1\" content=\"1 minute\" \/>\n<script type=\"application\/ld+json\" class=\"yoast-schema-graph\">{\"@context\":\"https:\/\/schema.org\",\"@graph\":[{\"@type\":\"WebPage\",\"@id\":\"https:\/\/skylineforma.fr\/?page_id=158\",\"url\":\"https:\/\/skylineforma.fr\/?page_id=158\",\"name\":\"1. AGENT DE PISTE BAGAGISTE - SKYLINEFORMA\",\"isPartOf\":{\"@id\":\"https:\/\/skylineforma.fr\/#website\"},\"primaryImageOfPage\":{\"@id\":\"https:\/\/skylineforma.fr\/?page_id=158#primaryimage\"},\"image\":{\"@id\":\"https:\/\/skylineforma.fr\/?page_id=158#primaryimage\"},\"thumbnailUrl\":\"http:\/\/skylineforma.fr\/wp-content\/uploads\/2025\/10\/agent-de-piste.jpg\",\"datePublished\":\"2025-10-12T16:16:49+00:00\",\"dateModified\":\"2025-10-19T10:42:25+00:00\",\"breadcrumb\":{\"@id\":\"https:\/\/skylineforma.fr\/?page_id=158#breadcrumb\"},\"inLanguage\":\"en-US\",\"potentialAction\":[{\"@type\":\"ReadAction\",\"target\":[\"https:\/\/skylineforma.fr\/?page_id=158\"]}]},{\"@type\":\"ImageObject\",\"inLanguage\":\"en-US\",\"@id\":\"https:\/\/skylineforma.fr\/?page_id=158#primaryimage\",\"url\":\"https:\/\/skylineforma.fr\/wp-content\/uploads\/2025\/10\/agent-de-piste.jpg\",\"contentUrl\":\"https:\/\/skylineforma.fr\/wp-content\/uploads\/2025\/10\/agent-de-piste.jpg\",\"width\":1000,\"height\":667},{\"@type\":\"BreadcrumbList\",\"@id\":\"https:\/\/skylineforma.fr\/?page_id=158#breadcrumb\",\"itemListElement\":[{\"@type\":\"ListItem\",\"position\":1,\"name\":\"Accueil\",\"item\":\"https:\/\/skylineforma.fr\/\"},{\"@type\":\"ListItem\",\"position\":2,\"name\":\"1. AGENT DE PISTE BAGAGISTE\"}]},{\"@type\":\"WebSite\",\"@id\":\"https:\/\/skylineforma.fr\/#website\",\"url\":\"https:\/\/skylineforma.fr\/\",\"name\":\"SKYLINEFORMA\",\"description\":\"Un site utilisant WordPress\",\"publisher\":{\"@id\":\"https:\/\/skylineforma.fr\/#organization\"},\"potentialAction\":[{\"@type\":\"SearchAction\",\"target\":{\"@type\":\"EntryPoint\",\"urlTemplate\":\"https:\/\/skylineforma.fr\/?s={search_term_string}\"},\"query-input\":{\"@type\":\"PropertyValueSpecification\",\"valueRequired\":true,\"valueName\":\"search_term_string\"}}],\"inLanguage\":\"en-US\"},{\"@type\":\"Organization\",\"@id\":\"https:\/\/skylineforma.fr\/#organization\",\"name\":\"SKYLINEFORMA\",\"url\":\"https:\/\/skylineforma.fr\/\",\"logo\":{\"@type\":\"ImageObject\",\"inLanguage\":\"en-US\",\"@id\":\"https:\/\/skylineforma.fr\/#\/schema\/logo\/image\/\",\"url\":\"https:\/\/skylineforma.fr\/wp-content\/uploads\/2025\/08\/cropped-cropped-Capture-decran_27-7-2025_213259_looka.png\",\"contentUrl\":\"https:\/\/skylineforma.fr\/wp-content\/uploads\/2025\/08\/cropped-cropped-Capture-decran_27-7-2025_213259_looka.png\",\"width\":483,\"height\":433,\"caption\":\"SKYLINEFORMA\"},\"image\":{\"@id\":\"https:\/\/skylineforma.fr\/#\/schema\/logo\/image\/\"}}]}<\/script>\n<!-- \/ Yoast SEO plugin. -->","yoast_head_json":{"title":"1. AGENT DE PISTE BAGAGISTE - SKYLINEFORMA","robots":{"index":"index","follow":"follow","max-snippet":"max-snippet:-1","max-image-preview":"max-image-preview:large","max-video-preview":"max-video-preview:-1"},"canonical":"https:\/\/skylineforma.fr\/?page_id=158","og_locale":"en_US","og_type":"article","og_title":"1. AGENT DE PISTE BAGAGISTE - SKYLINEFORMA","og_description":"Agent de piste \/ bagagiste Apprenez toutes les comp\u00e9tences indispensables pour travailler sur le tarmac et en zone bagages : manutention des bagages, chargement et d\u00e9chargement des avions, s\u00e9curit\u00e9 et protocoles a\u00e9roportuaires. Une formation pratique et compl\u00e8te pour devenir un professionnel op\u00e9rationnel d\u00e8s la sortie. Objectifs et missions","og_url":"https:\/\/skylineforma.fr\/?page_id=158","og_site_name":"SKYLINEFORMA","article_modified_time":"2025-10-19T10:42:25+00:00","og_image":[{"width":1000,"height":667,"url":"https:\/\/skylineforma.fr\/wp-content\/uploads\/2025\/10\/agent-de-piste.jpg","type":"image\/jpeg"}],"twitter_card":"summary_large_image","twitter_misc":{"Est. reading time":"1 minute"},"schema":{"@context":"https:\/\/schema.org","@graph":[{"@type":"WebPage","@id":"https:\/\/skylineforma.fr\/?page_id=158","url":"https:\/\/skylineforma.fr\/?page_id=158","name":"1. AGENT DE PISTE BAGAGISTE - SKYLINEFORMA","isPartOf":{"@id":"https:\/\/skylineforma.fr\/#website"},"primaryImageOfPage":{"@id":"https:\/\/skylineforma.fr\/?page_id=158#primaryimage"},"image":{"@id":"https:\/\/skylineforma.fr\/?page_id=158#primaryimage"},"thumbnailUrl":"http:\/\/skylineforma.fr\/wp-content\/uploads\/2025\/10\/agent-de-piste.jpg","datePublished":"2025-10-12T16:16:49+00:00","dateModified":"2025-10-19T10:42:25+00:00","breadcrumb":{"@id":"https:\/\/skylineforma.fr\/?page_id=158#breadcrumb"},"inLanguage":"en-US","potentialAction":[{"@type":"ReadAction","target":["https:\/\/skylineforma.fr\/?page_id=158"]}]},{"@type":"ImageObject","inLanguage":"en-US","@id":"https:\/\/skylineforma.fr\/?page_id=158#primaryimage","url":"https:\/\/skylineforma.fr\/wp-content\/uploads\/2025\/10\/agent-de-piste.jpg","contentUrl":"https:\/\/skylineforma.fr\/wp-content\/uploads\/2025\/10\/agent-de-piste.jpg","width":1000,"height":667},{"@type":"BreadcrumbList","@id":"https:\/\/skylineforma.fr\/?page_id=158#breadcrumb","itemListElement":[{"@type":"ListItem","position":1,"name":"Accueil","item":"https:\/\/skylineforma.fr\/"},{"@type":"ListItem","position":2,"name":"1. AGENT DE PISTE BAGAGISTE"}]},{"@type":"WebSite","@id":"https:\/\/skylineforma.fr\/#website","url":"https:\/\/skylineforma.fr\/","name":"SKYLINEFORMA","description":"Un site utilisant WordPress","publisher":{"@id":"https:\/\/skylineforma.fr\/#organization"},"potentialAction":[{"@type":"SearchAction","target":{"@type":"EntryPoint","urlTemplate":"https:\/\/skylineforma.fr\/?s={search_term_string}"},"query-input":{"@type":"PropertyValueSpecification","valueRequired":true,"valueName":"search_term_string"}}],"inLanguage":"en-US"},{"@type":"Organization","@id":"https:\/\/skylineforma.fr\/#organization","name":"SKYLINEFORMA","url":"https:\/\/skylineforma.fr\/","logo":{"@type":"ImageObject","inLanguage":"en-US","@id":"https:\/\/skylineforma.fr\/#\/schema\/logo\/image\/","url":"https:\/\/skylineforma.fr\/wp-content\/uploads\/2025\/08\/cropped-cropped-Capture-decran_27-7-2025_213259_looka.png","contentUrl":"https:\/\/skylineforma.fr\/wp-content\/uploads\/2025\/08\/cropped-cropped-Capture-decran_27-7-2025_213259_looka.png","width":483,"height":433,"caption":"SKYLINEFORMA"},"image":{"@id":"https:\/\/skylineforma.fr\/#\/schema\/logo\/image\/"}}]}},"_links":{"self":[{"href":"https:\/\/skylineforma.fr\/index.php?rest_route=\/wp\/v2\/pages\/158","targetHints":{"allow":["GET"]}}],"collection":[{"href":"https:\/\/skylineforma.fr\/index.php?rest_route=\/wp\/v2\/pages"}],"about":[{"href":"https:\/\/skylineforma.fr\/index.php?rest_route=\/wp\/v2\/types\/page"}],"author":[{"embeddable":true,"href":"https:\/\/skylineforma.fr\/index.php?rest_route=\/wp\/v2\/users\/1"}],"replies":[{"embeddable":true,"href":"https:\/\/skylineforma.fr\/index.php?rest_route=%2Fwp%2Fv2%2Fcomments&post=158"}],"version-history":[{"count":6,"href":"https:\/\/skylineforma.fr\/index.php?rest_route=\/wp\/v2\/pages\/158\/revisions"}],"predecessor-version":[{"id":242,"href":"https:\/\/skylineforma.fr\/index.php?rest_route=\/wp\/v2\/pages\/158\/revisions\/242"}],"wp:attachment":[{"href":"https:\/\/skylineforma.fr\/index.php?rest_route=%2Fwp%2Fv2%2Fmedia&parent=158"}],"curies":[{"name":"wp","href":"https:\/\/api.w.org\/{rel}","templated":true}]}}